et t be 1 + 0 + (-1 - -2). Let r = t - -1. Let d(c) = c**3 - 3*c**2 + c + 2. List the prime factors of d(r).
5
Let z(h) be the first derivative of h**2/2 + 2*h + 1. What are the prime factors of z(5)?
7
Suppose -5 - 19 = -a + 4*r, 0 = -5*r - 25. Suppose -a = -2*o, 0*x + 4*x + o - 18 = 0. What are the prime factors of x?
2
Let i be 1 + (-2)/(-1 + -1). Suppose i*v - 12 = -2. Suppose v + 3 = 4*l. What are the prime factors of l?
2
Suppose 0 = -l + 3*l - 4. Suppose -5*s + 2*s = 6. List the prime factors of -4*(-2 - s/l).
2
Suppose 0 = u - 6*u + 40. What are the prime factors of (-130)/(-11) - u/(-44)?
2, 3
Suppose 0 = 5*i - 101 - 24. Suppose -40 = -5*k + i. What are the prime factors of k?
13
Let v(h) = -5*h**2 + 2 + 3*h**2 + h**2. Let d(x) = x**3 + 3*x**2 + 2*x. Let n be d(-2). What are the prime factors of v(n)?
2
What are the prime factors of (3/2)/((-6)/(-328))?
2, 41
Let z(m) be the second derivative of -m**5/20 + 7*m**4/12 - 5*m**3/6 + 5*m**2/2 + m. List the prime factors of z(6).
11
Let j(o) = 20*o**2 - o + 1. Suppose -16 = -4*m - 3*g, 0*m = 3*m + 4*g - 19. Let x be j(m). Let v = x - 13. What are the prime factors of v?
7
Suppose 5*g = z - 18, 4*g - 3*z = -2 - 19. What are the prime factors of 31 + (0 - (-12)/g)?
3
Let c(n) = n. Let x be (-16)/(-6) - (-6)/(-9). Let f be c(x). What are the prime factors of f/(2 + 3/(-3))?
2
Let h(y) = y**3 + 7*y**2 - 3*y - 3. Let k be h(-7). Let i be k/(-1 - (-9)/6). Suppose -4*l + i + 36 = 0. What are the prime factors of l?
2, 3
Let c be (-2)/7 - (-16)/7. Suppose -4*l + 47 = y, 2*l - 16 = -4*y + c*y. List the prime factors of l.
13
Suppose -4*a = -96 - 68. List the prime factors of a.
41
Let a(o) = 10*o - 13. What are the prime factors of a(7)?
3, 19
Let b be (-240)/(-130) + (-4)/(-26). Suppose -9 = -b*w + 1. List the prime factors of w.
5
Suppose -2*i + 31 - 7 = 0. What are the prime factors of i?
2, 3
Let l = 19 + -27. What are the prime factors of (-20)/(-4)*l/(-5)?
2
Let p = -3 - -1. List the prime factors of -5*(-1 + (-3 - p)).
2, 5
Let z = -93 + 174. What are the prime factors of z?
3
Suppose -4*l = -3*l + 3. Suppose -4*s - 20 + 4 = -4*v, 5*s + 3*v + 36 = 0. What are the prime factors of 12/(s/l) + 3?
3
Let b = -100 - -140. List the prime factors of b.
2, 5
Let v(r) = -r**3 - 7*r**2 - 8*r - 2. List the prime factors of v(-6).
2, 5
Let i(u) = 6*u**2 - 2*u + 1. Let j(m) = -3*m + 4. Let q be j(2). List the prime factors of i(q).
29
Let g = -7 - -29. List the prime factors of g.
2, 11
Let y(q) = 3*q**2 + 5*q + 4. Let x be y(5). Let b be (1/(-2))/((-1)/x). Suppose -a + 0*a - 2*i = -13, -4*a + b = -i. What are the prime factors of a?
13
Let t = -6 - -43. Suppose 3*d - 2*b = t, 0*d - 4*b - 2 = 2*d. List the prime factors of d.
3
Let n(p) be the third derivative of p**4/12 - p**3/6 - p**2. What are the prime factors of n(2)?
3
Let h = -36 - -69. List the prime factors of h.
3, 11
Let z(n) = -n + 6. Let r be z(4). Suppose 3*y + r*y = 20. What are the prime factors of 117/6 + (-2)/y?
19
Suppose 5*z + 2 = -8. Let k be z/3 - (-20)/3. Suppose p + k = 2*p. List the prime factors of p.
2, 3
Let c be (-152)/(-6) - (-1)/(-3). Let a be -1 - 0 - 0/(-2). What are the prime factors of a*c*2/(-5)?
2, 5
Let m(a) = -2*a + 20. Let u(d) = d - 7. Let k(o) = -4*m(o) - 11*u(o). Let x be k(-6). Let f = x - 9. List the prime factors of f.
2, 3
Let v(t) = -27*t - 9 + 19 - 9. List the prime factors of v(-1).
2, 7
Suppose -4*f = 6*w - 4*w - 52, w - 27 = -3*f. Suppose 5*g + 0*l + 2*l = 133, 3*l - w = -g. List the prime factors of g.
3
Suppose 0*s = -s + 54. List the prime factors of s.
2, 3
Let o be 1 + -2 - (2 + 1). Let h(f) = 2*f**2 + 4*f + 1. List the prime factors of h(o).
17
Let z be 1/((-14)/(-6) + -2). Suppose -5*g - 9 = -6*d + z*d, 0 = 3*d + 5*g - 9. List the prime factors of d.
3
List the prime factors of ((-94)/6)/((-3)/9).
47
Suppose 2*r - r - 6 = 0. Suppose -q + r*q = 110. What are the prime factors of q?
2, 11
Let k(m) = 9*m**2 + 10*m - 22. What are the prime factors of k(3)?
89
Suppose -3*b + 6*b = -3*h + 210, -4*b + h + 275 = 0. List the prime factors of b.
3, 23
Let j(t) be the second derivative of -t**5/20 + t**4/3 + t**3/2 + 2*t**2 - 6*t. List the prime factors of j(4).
2
Let r = 5 + -7. Let g be (r/6)/(3/(-306)). Suppose 2*f - g + 5 = -d, d = -3. What are the prime factors of f?
2
Suppose -2 = -4*w + 10. Suppose 5*k + w*g = 57, -6*k + 24 = -2*k - 3*g. List the prime factors of k.
3
Suppose -423 = -2*v - l + 4*l, 12 = -4*l. What are the prime factors of v?
3, 23
Let c(x) = -x**2 + 9*x + 2. Let y be c(8). Let v be -1 + 0 + 1 + 2. Suppose -4 = -v*j + y. What are the prime factors of j?
7
Let p be ((-10)/(-15))/((-2)/(-75)). Let d be p/1 + (1 - 3). Suppose -5*s = -12 - d. List the prime factors of s.
7
Let u = 651 + -361. List the prime factors of u.
2, 5, 29
Let u(w) = -2*w - 4. Let c be u(-4). Let k(g) = 2*g - 6. Let v be k(c). What are the prime factors of (-2)/(v/2)*-3?
2, 3
Let g = -3 - -23. Suppose 15 = -3*q + 105. Let x = q - g. List the prime factors of x.
2, 5
Let k(f) = -f**3 - 5*f**2 - 3*f - 6. What are the prime factors of k(-5)?
3
Let m = -4 - -5. Let g be m*((-2 - -3) + -4). What are the prime factors of (-2 - 0 - 3)*g?
3, 5
Let y(z) = -z - 2. Let g be y(-6). Suppose 0 = -8*l + 9*l - 40. Suppose 52 = g*m - v - v, -3*m + v = -l. List the prime factors of m.
2, 7
Let x be 178/(-14) + (-2)/7. Let y = x - -15. List the prime factors of y.
2
What are the prime factors of (-5)/3*(-90)/50?
3
What are the prime factors of (84/35)/((-3)/(-10))?
2
Let g be 14/(-4)*-2 - 4. Suppose 0*b + b = 27. Suppose -g*p + b + 33 = 0. List the prime factors of p.
2, 5
Let v(i) = i + 7. Let l be v(-5). Let d(b) = -b**2 + 3*b + 2. List the prime factors of d(l).
2
Let h be -2 + -2 + -1 + 2. Let u(q) = 2*q + 2. Let p be u(2). Let d = p + h. What are the prime factors of d?
3
Let j = 0 + 0. Let q(n) = -4*n + 9. Let g(a) = 3*a - 8. Let p(r) = -5*g(r) - 4*q(r). What are the prime factors of p(j)?
2
Let b = 10 + 3. Let s(u) = u - 17. Let q be s(b). List the prime factors of (-312)/(-16)*q/(-6).
13
Let h(z) = 11*z - 2. List the prime factors of h(3).
31
Let b = 2 - -2. Suppose 0 = b*p - p - 3*j - 78, 4*j + 38 = p. List the prime factors of p.
2, 11
Suppose 0 = 3*z - 3, -233 = v - 4*v + z. List the prime factors of v.
2, 3, 13
Let s(m) = -14*m**3 + m**2 + m. Let o(j) = -j**3 + 4*j**2 + 6*j - 3. Let u be o(5). Let c be (1/1)/(u/(-2)). What are the prime factors of s(c)?
2, 7
Let x(z) = z**2 - 4. What are the prime factors of x(9)?
7, 11
Let r(p) = -2*p - 2. Let n be r(3). Let o = n + 4. Let s = o + 7. List the prime factors of s.
3
Let b = 496 - 335. What are the prime factors of b?
7, 23
List the prime factors of 360/16*12/10.
3
Let y(b) = 2*b**2 - 3*b - 1. Suppose -10 = j + 4*j. What are the prime factors of y(j)?
13
Let m(c) = c**3 - c**2 - c - 2. Let o be m(0). Let q(y) = 2*y**2 + y - 2. Let p(n) = n**2 - 1. Let s(j) = 5*p(j) - 2*q(j). List the prime factors of s(o).
7
Let y(v) be the second derivative of v**5/20 - v**4/2 + v**3 + 3*v**2 + 4*v. List the prime factors of y(5).
11
Suppose -5*s + 25 = -5. Let x(d) = -d**3 - 7*d**2 + 7*d + 4. Let v be x(-8). Let m = v - s. List the prime factors of m.
2, 3
Let p = 2 + 3. Suppose -p*q + 15 = -2*q. What are the prime factors of 18/30 - (-17)/q?
2
Suppose 0 = -u - 2*u - 2*y - 8, 5*u + 5*y + 20 = 0. Suppose u = -3*x - 7 - 11. Let k = x - -9. List the prime factors of k.
3
List the prime factors of 2/(-6) + (-157)/(-3).
2, 13
Suppose 0*g - 12 = -3*g. Let p(f) = f**3 - 5*f**2 + 2*f + 2. Let z be p(g). What are the prime factors of (4/z)/((-1)/9)?
2, 3
Suppose 5*z + 5*o = z + 623, -2*z + 5*o = -349. What are the prime factors of z?
2, 3
Suppose 15 = 3*l - 8*l. Let o = l - -5. List the prime factors of o.
2
Suppose 0 = -3*f - 6*d + d + 372, -d - 519 = -4*f. Suppose 4*q = 2*x + 2*x + 248, 3*x = 2*q - f. List the prime factors of q.
3, 19
Let p be (-1)/6 - (-50)/12. Suppose -p*i + 20 = i. List the prime factors of i.
2
Let f(a) = -a**3 + 5*a**2 + 6*a + 3. Let y be f(6). Suppose 5*c - 32 = -7, 72 = 3*l + y*c. What are the prime factors of l?
19
Let o = 54 + -34. Suppose s + o = 3*s. List the prime factors of s.
2, 5
Suppose -4 = -u - 0. Let q be u/(-14) + (-376)/7. What are the prime factors of q